 (-48 - -31))?
2, 37, 61
Suppose 3*u = -3*y + 34137, 4*u + 9040 + 13736 = 2*y. What are the prime factors of y?
2, 3, 7, 271
Let a(f) = -10*f**2 + 3*f - 12 + 9 + 13*f**2 + 2. Let r(l) = -2*l + 6. Let o be r(6). List the prime factors of a(o).
89
Suppose 130 = 5*z - 5*b, 0 = -3*z + 5*b + 55 + 31. Suppose 0 = 6*t - 2 - z. Suppose t = -x, 4*m - x = 2*x + 280. What are the prime factors of m?
67
Suppose -14907 = -3*t + 4*u, -2*t = -6*t - 2*u + 19898. What are the prime factors of t?
4973
Suppose -22*u + 10 = 2*d - 17*u, 10 = 5*u. Suppose 3*n + 5*k = 1269, d = -4*n - 8*k + 3*k + 1687. What are the prime factors of n?
2, 11, 19
List the prime factors of ((-28424)/10)/(-12 + 1416/120).
2, 11, 17, 19
Suppose n - 4*s + 2 = -0*n, -s + 9 = 4*n. Let g be 7/n - (-21)/(-14). Suppose -g*d = 2*f - 30, 3*f - 2*f - 20 = -2*d. What are the prime factors of f?
2, 5
Let z(s) = -62*s - 157. List the prime factors of z(-67).
7, 571
Suppose c - 74634 = -2*k, 37*k + 4*c - 149264 = 33*k. List the prime factors of k.
2, 47, 397
Suppose -2*l - 19 = 3*o + 2*o, -3*l - 2*o = 1. Suppose l*m = -m + 804. Let s = m + -107. What are the prime factors of s?
2, 47
Let k = 48 - 58. Let a(g) be the third derivative of g**5/60 + g**4/3 - 4*g**3/3 - g**2. List the prime factors of a(k).
2, 3
Suppose -5*l - 5*b + 9873 = -6797, 4*l - 13340 = -2*b. List the prime factors of l.
2, 3, 139
What are the prime factors of (-3)/((-21)/167074) - (18 - (-896)/(-49))?
2, 3, 13, 17
Suppose 2*z - 2*q = 6, -q = -2*z + 7*z - 21. Suppose z*a + 0*a + 552 = 2*m, 3*m - 816 = 2*a. Suppose -7*i + 5*i = -m. What are the prime factors of i?
3, 5
Suppose -4*s + 3*l - 2955 = 0, 0*l = -2*s - 5*l - 1471. What are the prime factors of (s/(-8))/(21/84)?
3, 41
Let t = 5760 + 637. What are the prime factors of t?
6397
Suppose 131*h - 1223982 = -28*h. List the prime factors of h.
2, 3, 1283
Let u(l) = 6*l**3 - 17*l**2 - 63*l - 44. What are the prime factors of u(21)?
2, 19, 1229
Suppose 6*f + 100 = 2494. Let y = f + -68. Suppose 0 = l - 4*u - 79, 3*l - 4*u - y = -2*l. List the prime factors of l.
3, 7
Let i = -10714 - -10755. List the prime factors of i.
41
Suppose 4*t - 40 = p, 5*p + 47 - 17 = 3*t. Suppose 5*w = -t, -5*i + 2937 = -10*w + 9*w. List the prime factors of i.
587
Let o(b) = b**3 + 24*b**2 - 13*b + 3. Suppose 3*j = p - 71, 0 = 4*j + p + 55 + 42. What are the prime factors of o(j)?
3, 5, 7
Let v(r) = 1 - 6 + 9 + 5*r - 16*r. What are the prime factors of v(-9)?
103
Let z = -3873 - -6261. Let q = -1682 + z. What are the prime factors of q?
2, 353
Suppose 5*c - 4642 = 29698. What are the prime factors of c?
2, 17, 101
Let u = 469 + -465. Suppose 14*g - 12*g - 6 = 0, -2075 = -u*b - 5*g. List the prime factors of b.
5, 103
Let w be (-3 + 1)*((-36)/8 - -2). Let q(y) = 140*y + 2. Let m be q(w). Suppose -3*u + 78 = -m. What are the prime factors of u?
2, 5, 13
Suppose 0 = -k - 25*t + 26*t + 20741, 103693 = 5*k + t. List the prime factors of k.
3, 31, 223
Let b(n) = 48*n**2 - 15*n + 411. List the prime factors of b(35).
2, 3, 9781
Let w be ((-3)/1)/((-40)/(-16) + -3). Suppose w = -2*o - o. What are the prime factors of 54/((11/22)/(o/(-4)))?
2, 3
What are the prime factors of ((-90910)/25 - 4)/((-113)/565)?
2, 19, 479
Let r = 6 + -21. Let p(x) = -41*x**2 + x. Let y be p(1). What are the prime factors of (-4936)/y - (-6)/r?
3, 41
Let i = 45944 - -20210. What are the prime factors of i?
2, 11, 31, 97
Let t = -557 + 868. Suppose 99 = -4*k + t. What are the prime factors of k/(21/(-12) + 2)?
2, 53
Let t = 17235 - 1240. List the prime factors of t.
5, 7, 457
Suppose 14*a - 18*a = 132. Let r = -25 - a. What are the prime factors of 26/r*(-16 + 36)?
5, 13
Let u(l) = 2*l - 19. Let d(t) = 2*t - 18. Let f(q) = 6*d(q) - 5*u(q). Let h be f(8). Suppose 11*k = h*k + 64. List the prime factors of k.
2
Let f be (56/8 - 13)/(3/(-7)). Suppose f*h = -1156 + 7400. What are the prime factors of h?
2, 223
What are the prime factors of 20 + 378/(-19) + 44876/19?
2, 1181
Suppose 2*q - 540213 = -12*q - 43605. What are the prime factors of q?
2, 3, 739
List the prime factors of -4*(-27)/1890 - (-2612394)/105.
2, 5, 311
Let s(r) = r - 6. Let y be s(-7). Let o = 13 + y. List the prime factors of o + 1 + 17 + 2.
2, 5
What are the prime factors of -1 + (-12 - -15) + 26245 + -4?
7, 23, 163
Suppose -67*n + 1924 = 76*n - 632853. What are the prime factors of n?
23, 193
Let j(p) = -109*p + 85. Let v be ((-1)/(-1))/(-4) + (-1014)/104. What are the prime factors of j(v)?
5, 47
Let f be 68/24 - (-1)/6. Let w be 485 + f*(-8)/12. Suppose 8*o = 5*o + w. What are the prime factors of o?
7, 23
Let d = -21881 - -36602. What are the prime factors of d?
3, 7, 701
Suppose -3*y - 53592 = -5*c + 37469, 4*c + 5*y = 72871. What are the prime factors of c?
2, 7, 1301
Suppose -994211 - 1682116 = -550*s + 821673. What are the prime factors of s?
2, 3, 5, 53
Let u(r) = 3*r**2 - 344*r - 723. List the prime factors of u(-95).
2, 47, 157
Suppose 125 = 15*o + 5. Suppose -o*y = 14*y - 5038. What are the prime factors of y?
229
Suppose 5*k - 2943 = -4*d + 1092, -2*k - d + 1611 = 0. Let w = -464 + k. What are the prime factors of w?
3, 113
List the prime factors of 1075/((120/110)/12).
5, 11, 43
Suppose 82 + 86 = 7*u. What are the prime factors of (0 - u)/(15/(-20))?
2
What are the prime factors of 1/(-5) - (60786/(-55) + 15)?
2, 5, 109
Suppose -4*g = 3*v - 2, -v = 2*v + 5*g - 7. Let h(c) = 2*c**2 + 2*c - 18. Let o be h(v). Let m = o - 35. What are the prime factors of m?
7
Suppose -164*t - 57*t + 29*t + 780672 = 0. List the prime factors of t.
2, 19, 107
Let b = 22669 - 10551. List the prime factors of b.
2, 73, 83
Let l(x) = 23*x + 4. Let i be l(2). Let d = 41 - i. List the prime factors of 2 + (-784)/(-6) + (-3)/d.
7, 19
Let w(u) = 95*u + 1. Let h be w(-1). What are the prime factors of (-1)/4 - h*133/56?
223
Suppose -62*v - 14 = -69*v. What are the prime factors of 2*283 - (0 - (v - 6))?
2, 281
Suppose -4*n = -32188 + 3052. What are the prime factors of n?
2, 3, 607
Let o = -986 - -5784. What are the prime factors of o?
2, 2399
Suppose 0 = 98*r - 532989 - 148405. What are the prime factors of r?
17, 409
Let m(i) be the third derivative of 49*i**6/720 + 7*i**5/24 + i**4 - 12*i**2 + 1. Let j(h) be the second derivative of m(h). What are the prime factors of j(4)?
3, 7, 11
List the prime factors of (36124/(-6))/((-154)/231).
11, 821
Suppose 104939 + 4874 = 11*x. List the prime factors of x.
67, 149
Let u be (-21)/2*(-8)/3. Suppose 3*z + u = 127. Suppose z*n - 112 = 31*n. What are the prime factors of n?
2, 7
Suppose -11*l + 16761 = -109910 - 79876. List the prime factors of l.
3, 11, 569
Suppose -4*y + d + 31457 = 4629, 0 = 3*y - 2*d - 20116. Suppose 137*s + y = 143*s. List the prime factors of s.
2, 13, 43
Let i be 18/12 - 25/(-10). What are the prime factors of (-5 - (24 - i)/(-4)) + 1506?
2, 3, 251
Suppose -83*l = -1705939 - 2016611. List the prime factors of l.
2, 3, 5, 13, 23
Suppose -3*y + 8*v + 6 = 5*v, -5*v + 6 = 3*y. Let n(i) be the third derivative of 31*i**6/120 - i**4/12 + i**3/2 + 2*i**2. List the prime factors of n(y).
13, 19
List the prime factors of 10627 + 315/(-30)*24/(-42).
7, 31
Let j(u) = 2*u**3 + 14*u**2 + 16*u + 5. Let d be j(-6). Let k = 22 + d. Suppose -21 = -k*a + 4*l, -3*a - 2 + 38 = l. What are the prime factors of a?
11
Let r(v) = -v**3 - 11*v**2 - v - 7. Let x be r(-11). Suppose 0 = 4*j + 4*w, -x*j + 8 = -4*w - 24. Suppose -j*u + 62 = -70. What are the prime factors of u?
3, 11
Suppose 4*s - 16 = 4*y, 6 + 6 = -5*y + 3*s. Let f(z) = -8*z + z**2 + 5*z + 172 + 2*z**3 + 6*z + 0*z - 4*z. What are the prime factors of f(y)?
2, 43
Let b(q) = 7*q**2 - 78*q - 182. Let j(u) = 3*u**2 - 38*u - 91. Let w(z) = 6*b(z) - 13*j(z). List the prime factors of w(-19).
2, 5, 17
Let j be (-1)/(-5) + 17/(-85) - -4314. List the prime factors of (46/(-8))/(-10 + j/432).
2, 3, 23
Let h(r) = -2*r**3 + 9*r**2 + 6*r + 1. Let l = 92 + -87. Let w be h(l). Let u(q) = 15*q - 14. What are the prime factors of u(w)?
2, 19
Let u = 1747 + -1166. Suppose u - 191 = 10*y. Let j = 56 - y. What are the prime factors of j?
17
Let s(p) = 2*p**3 - 70*p**2 + 12*p - 22. Let d(v) = -v**3 + 72*v**2 - 11*v + 23. Let c(b) = 5*d(b) + 4*s(b). List the prime factors of c(-26).
7, 223
Suppose 3*